{"id":51,"date":"2019-08-22T11:16:56","date_gmt":"2019-08-22T09:16:56","guid":{"rendered":"http:\/\/landapothekerin.de\/?page_id=51"},"modified":"2022-04-16T12:52:16","modified_gmt":"2022-04-16T10:52:16","slug":"kontakt","status":"publish","type":"page","link":"https:\/\/landapothekerin.de\/?page_id=51","title":{"rendered":"Kontakt"},"content":{"rendered":"\n<p>Treffpunkt Natur und Gesundheit<br>Sylva Richter (alias Landapothekerin)<br>Albert-Richter-Stra\u00dfe 7<br>01465 Langebr\u00fcck<\/p>\n\n\n\n<p>Der Treffpunkt hat nur zu den Veranstaltungen und nach<br>Vereinbarung ge\u00f6ffnet.<\/p>\n\n\n\n<p><br><\/p>\n\n\n\n<p>Bei allgemeinen Fragen kontaktieren Sie mich unter folgender <strong>E-Mail-Adresse:<\/strong><\/p>\n\n\n\n<p><a href=\"mailto:info@landapothekerin.de\">info@landapothekerin.de<\/a><\/p>\n\n\n\n<p>oder telefonisch unter:<\/p>\n\n\n\n<p>DE &#8211; 0162 565 33 66<\/p>\n\n\n\n<p>Bitte verwenden Sie bei der Buchung von Veranstaltungen nach M\u00f6glichkeit die direkt unter den Beschreibungen verlinkten Anmelde-Formulare.<\/p>\n","protected":false},"excerpt":{"rendered":"<p>Treffpunkt Natur und GesundheitSylva Richter (alias Landapothekerin)Albert-Richter-Stra\u00dfe 701465 Langebr\u00fcck Der Treffpunkt hat nur zu den Veranstaltungen und nachVereinbarung ge\u00f6ffnet. Bei allgemeinen Fragen kontaktieren Sie mich unter folgender E-Mail-Adresse: info@landapothekerin.de oder telefonisch unter: DE &#8211; 0162 565 33 66 Bitte verwenden&#8230;<\/p>\n","protected":false},"author":1,"featured_media":0,"parent":0,"menu_order":0,"comment_status":"closed","ping_status":"closed","template":"","meta":{"ngg_post_thumbnail":0,"footnotes":""},"class_list":["post-51","page","type-page","status-publish","hentry"],"_links":{"self":[{"href":"https:\/\/landapothekerin.de\/index.php?rest_route=\/wp\/v2\/pages\/51","targetHints":{"allow":["GET"]}}],"collection":[{"href":"https:\/\/landapothekerin.de\/index.php?rest_route=\/wp\/v2\/pages"}],"about":[{"href":"https:\/\/landapothekerin.de\/index.php?rest_route=\/wp\/v2\/types\/page"}],"author":[{"embeddable":true,"href":"https:\/\/landapothekerin.de\/index.php?rest_route=\/wp\/v2\/users\/1"}],"replies":[{"embeddable":true,"href":"https:\/\/landapothekerin.de\/index.php?rest_route=%2Fwp%2Fv2%2Fcomments&post=51"}],"version-history":[{"count":10,"href":"https:\/\/landapothekerin.de\/index.php?rest_route=\/wp\/v2\/pages\/51\/revisions"}],"predecessor-version":[{"id":1484,"href":"https:\/\/landapothekerin.de\/index.php?rest_route=\/wp\/v2\/pages\/51\/revisions\/1484"}],"wp:attachment":[{"href":"https:\/\/landapothekerin.de\/index.php?rest_route=%2Fwp%2Fv2%2Fmedia&parent=51"}],"curies":[{"name":"wp","href":"https:\/\/api.w.org\/{rel}","templated":true}]}}