{"id":701,"date":"2020-02-13T10:01:00","date_gmt":"2020-02-13T09:01:00","guid":{"rendered":"http:\/\/landapothekerin.de\/?page_id=701"},"modified":"2020-02-13T11:27:03","modified_gmt":"2020-02-13T10:27:03","slug":"angebote-fuer-pharm-fachpersonal","status":"publish","type":"page","link":"https:\/\/landapothekerin.de\/?page_id=701","title":{"rendered":"Angebote f\u00fcr pharm. Fachpersonal"},"content":{"rendered":"\n<p>Speziell f\u00fcr <strong>pharmazeutisches Fachpersonal <\/strong>biete ich auf Anfrage folgende Seminarleistungen f\u00fcr Einzelpersonen, Gruppen oder Teams an:<\/p>\n\n\n\n<p>&#8211; Selbstmedikation A-Z <br>&#8211; Indikationen A-Z <br><\/p>\n\n\n\n<p><br>&#8211; Leistungen der gesetzlichen Krankenkassen im Bereich Arzneimittel <br><br>&#8211; Themen aus der Komplement\u00e4rmedizin, z.B.:   <br>&nbsp;&nbsp; Sch\u00fcssler-Salze    <br>&nbsp;&nbsp; Aroma-Therapie&nbsp;<br>&nbsp;&nbsp; Bachbl\u00fcten   <br>&nbsp;&nbsp; Anthroposophie   <br>&nbsp;&nbsp; Phytotherapie <\/p>\n\n\n\n<figure class=\"wp-block-image size-medium\"><img loading=\"lazy\" decoding=\"async\" width=\"300\" height=\"225\" src=\"https:\/\/landapothekerin.de\/wp-content\/uploads\/2020\/02\/IMG_20200130_175934-2-300x225.jpg\" alt=\"\" class=\"wp-image-706\" srcset=\"https:\/\/landapothekerin.de\/wp-content\/uploads\/2020\/02\/IMG_20200130_175934-2-300x225.jpg 300w, https:\/\/landapothekerin.de\/wp-content\/uploads\/2020\/02\/IMG_20200130_175934-2-1024x768.jpg 1024w, https:\/\/landapothekerin.de\/wp-content\/uploads\/2020\/02\/IMG_20200130_175934-2-768x576.jpg 768w, https:\/\/landapothekerin.de\/wp-content\/uploads\/2020\/02\/IMG_20200130_175934-2.jpg 1200w\" sizes=\"auto, (max-width: 300px) 100vw, 300px\" \/><\/figure>\n\n\n\n<div class=\"wp-block-image\"><figure class=\"alignright size-medium\"><img loading=\"lazy\" decoding=\"async\" width=\"225\" height=\"300\" src=\"https:\/\/landapothekerin.de\/wp-content\/uploads\/2020\/02\/IMG_20200127_193448-1-225x300.jpg\" alt=\"\" class=\"wp-image-710\" srcset=\"https:\/\/landapothekerin.de\/wp-content\/uploads\/2020\/02\/IMG_20200127_193448-1-225x300.jpg 225w, https:\/\/landapothekerin.de\/wp-content\/uploads\/2020\/02\/IMG_20200127_193448-1.jpg 675w\" sizes=\"auto, (max-width: 225px) 100vw, 225px\" \/><\/figure><\/div>\n\n\n\n<p>Die Themen werden ganzheitlich aufgearbeitet und auf Wunsch, je nach zeitlicher Vorgabe mit Elementen aus der gesunden Ern\u00e4hrung und Bewegung optimal erg\u00e4nzt.<\/p>\n\n\n\n<p><\/p>\n\n\n\n<p>telefonisch: 0162 565 33 66 <br>Mail: info@landapothekerin.de <br>www.landapothekerin.de<\/p>\n\n\n\n<p><\/p>\n\n\n\n<p><\/p>\n\n\n\n<div class=\"wp-block-image\"><figure class=\"aligncenter size-medium\"><img loading=\"lazy\" decoding=\"async\" width=\"300\" height=\"225\" src=\"https:\/\/landapothekerin.de\/wp-content\/uploads\/2020\/02\/IMG_20190823_165122-1-300x225.jpg\" alt=\"\" class=\"wp-image-716\" srcset=\"https:\/\/landapothekerin.de\/wp-content\/uploads\/2020\/02\/IMG_20190823_165122-1-300x225.jpg 300w, https:\/\/landapothekerin.de\/wp-content\/uploads\/2020\/02\/IMG_20190823_165122-1-1024x768.jpg 1024w, https:\/\/landapothekerin.de\/wp-content\/uploads\/2020\/02\/IMG_20190823_165122-1-768x576.jpg 768w, https:\/\/landapothekerin.de\/wp-content\/uploads\/2020\/02\/IMG_20190823_165122-1-1536x1152.jpg 1536w, https:\/\/landapothekerin.de\/wp-content\/uploads\/2020\/02\/IMG_20190823_165122-1-2048x1536.jpg 2048w\" sizes=\"auto, (max-width: 300px) 100vw, 300px\" \/><\/figure><\/div>\n\n\n","protected":false},"excerpt":{"rendered":"<p>Speziell f\u00fcr pharmazeutisches Fachpersonal biete ich auf Anfrage folgende Seminarleistungen f\u00fcr Einzelpersonen, Gruppen oder Teams an: &#8211; Selbstmedikation A-Z &#8211; Indikationen A-Z &#8211; Leistungen der gesetzlichen Krankenkassen im Bereich Arzneimittel &#8211; Themen aus der Komplement\u00e4rmedizin, z.B.: &nbsp;&nbsp; Sch\u00fcssler-Salze &nbsp;&nbsp; Aroma-Therapie&nbsp;&nbsp;&nbsp;&#8230;<\/p>\n","protected":false},"author":1,"featured_media":709,"parent":0,"menu_order":0,"comment_status":"closed","ping_status":"closed","template":"","meta":{"ngg_post_thumbnail":0,"footnotes":""},"class_list":["post-701","page","type-page","status-publish","has-post-thumbnail","hentry"],"_links":{"self":[{"href":"https:\/\/landapothekerin.de\/index.php?rest_route=\/wp\/v2\/pages\/701","targetHints":{"allow":["GET"]}}],"collection":[{"href":"https:\/\/landapothekerin.de\/index.php?rest_route=\/wp\/v2\/pages"}],"about":[{"href":"https:\/\/landapothekerin.de\/index.php?rest_route=\/wp\/v2\/types\/page"}],"author":[{"embeddable":true,"href":"https:\/\/landapothekerin.de\/index.php?rest_route=\/wp\/v2\/users\/1"}],"replies":[{"embeddable":true,"href":"https:\/\/landapothekerin.de\/index.php?rest_route=%2Fwp%2Fv2%2Fcomments&post=701"}],"version-history":[{"count":24,"href":"https:\/\/landapothekerin.de\/index.php?rest_route=\/wp\/v2\/pages\/701\/revisions"}],"predecessor-version":[{"id":755,"href":"https:\/\/landapothekerin.de\/index.php?rest_route=\/wp\/v2\/pages\/701\/revisions\/755"}],"wp:featuredmedia":[{"embeddable":true,"href":"https:\/\/landapothekerin.de\/index.php?rest_route=\/wp\/v2\/media\/709"}],"wp:attachment":[{"href":"https:\/\/landapothekerin.de\/index.php?rest_route=%2Fwp%2Fv2%2Fmedia&parent=701"}],"curies":[{"name":"wp","href":"https:\/\/api.w.org\/{rel}","templated":true}]}}

Angebote für pharm. Fachpersonal

<p>Speziell für <strong>pharmazeutisches Fachpersonal </strong>biete ich auf Anfrage folgende Seminarleistungen für Einzelpersonen, Gruppen oder Teams an:</p>



<p>&#8211; Selbstmedikation A-Z <br>&#8211; Indikationen A-Z <br></p>



<p><br>&#8211; Leistungen der gesetzlichen Krankenkassen im Bereich Arzneimittel <br><br>&#8211; Themen aus der Komplementärmedizin, z.B.:   <br>&nbsp;&nbsp; Schüssler-Salze    <br>&nbsp;&nbsp; Aroma-Therapie&nbsp;<br>&nbsp;&nbsp; Bachblüten   <br>&nbsp;&nbsp; Anthroposophie   <br>&nbsp;&nbsp; Phytotherapie </p>



<figure class="wp-block-image size-medium"><img loading="lazy" decoding="async" width="300" height="225" src="https://landapothekerin.de/wp-content/uploads/2020/02/IMG_20200130_175934-2-300x225.jpg" alt="" class="wp-image-706" srcset="https://landapothekerin.de/wp-content/uploads/2020/02/IMG_20200130_175934-2-300x225.jpg 300w, https://landapothekerin.de/wp-content/uploads/2020/02/IMG_20200130_175934-2-1024x768.jpg 1024w, https://landapothekerin.de/wp-content/uploads/2020/02/IMG_20200130_175934-2-768x576.jpg 768w, https://landapothekerin.de/wp-content/uploads/2020/02/IMG_20200130_175934-2.jpg 1200w" sizes="auto, (max-width: 300px) 100vw, 300px" /></figure>



<div class="wp-block-image"><figure class="alignright size-medium"><img loading="lazy" decoding="async" width="225" height="300" src="https://landapothekerin.de/wp-content/uploads/2020/02/IMG_20200127_193448-1-225x300.jpg" alt="" class="wp-image-710" srcset="https://landapothekerin.de/wp-content/uploads/2020/02/IMG_20200127_193448-1-225x300.jpg 225w, https://landapothekerin.de/wp-content/uploads/2020/02/IMG_20200127_193448-1.jpg 675w" sizes="auto, (max-width: 225px) 100vw, 225px" /></figure></div>



<p>Die Themen werden ganzheitlich aufgearbeitet und auf Wunsch, je nach zeitlicher Vorgabe mit Elementen aus der gesunden Ernährung und Bewegung optimal ergänzt.</p>



<p></p>



<p>telefonisch: 0162 565 33 66 <br>Mail: info@landapothekerin.de <br>www.landapothekerin.de</p>



<p></p>



<p></p>



<div class="wp-block-image"><figure class="aligncenter size-medium"><img loading="lazy" decoding="async" width="300" height="225" src="https://landapothekerin.de/wp-content/uploads/2020/02/IMG_20190823_165122-1-300x225.jpg" alt="" class="wp-image-716" srcset="https://landapothekerin.de/wp-content/uploads/2020/02/IMG_20190823_165122-1-300x225.jpg 300w, https://landapothekerin.de/wp-content/uploads/2020/02/IMG_20190823_165122-1-1024x768.jpg 1024w, https://landapothekerin.de/wp-content/uploads/2020/02/IMG_20190823_165122-1-768x576.jpg 768w, https://landapothekerin.de/wp-content/uploads/2020/02/IMG_20190823_165122-1-1536x1152.jpg 1536w, https://landapothekerin.de/wp-content/uploads/2020/02/IMG_20190823_165122-1-2048x1536.jpg 2048w" sizes="auto, (max-width: 300px) 100vw, 300px" /></figure></div>

<p>Speziell für pharmazeutisches Fachpersonal biete ich auf Anfrage folgende Seminarleistungen für Einzelpersonen, Gruppen oder Teams an: &#8211; Selbstmedikation A-Z &#8211; Indikationen A-Z &#8211; Leistungen der gesetzlichen Krankenkassen im Bereich Arzneimittel &#8211; Themen aus der Komplementärmedizin, z.B.: &nbsp;&nbsp; Schüssler-Salze &nbsp;&nbsp; Aroma-Therapie&nbsp;&nbsp;&nbsp;&#8230;</p>
