{"id":1617,"date":"2024-02-17T15:33:53","date_gmt":"2024-02-17T14:33:53","guid":{"rendered":"http:\/\/landapothekerin.de\/?post_type=tribe_events&#038;p=1617"},"modified":"2026-02-17T14:08:24","modified_gmt":"2026-02-17T13:08:24","slug":"fruehlingswerkstatt-kreatives-aus-natur-und-kueche","status":"publish","type":"tribe_events","link":"https:\/\/landapothekerin.de\/?tribe_events=fruehlingswerkstatt-kreatives-aus-natur-und-kueche","title":{"rendered":"Fr\u00fchlingswerkstatt &#8211; Kreatives aus Natur und K\u00fcche"},"content":{"rendered":"<p>Wir begr\u00fc\u00dfen den Lenz mit 2 verschiedenen Dekorationen f\u00fcrs eigene Zuhause oder zum Verschenken unter Verwendung<br \/>\nvon Holz, Glas und Blumen.<\/p>\n<p>Des weiteren zaubern wir einen fr\u00fchlingshaften Raum\/Parf\u00fcmspray und bringen auch die Sonne ins<br \/>\nFr\u00fchst\u00fccksglas. Ein leckeres Fr\u00fchlingsmen\u00fc rundet die Veranstaltung ab.<\/p>\n<p><strong><br \/>\nTeilnehmerzahl:<\/strong> 6-12<\/p>\n<p><strong>Anmeldefrist:<\/strong> bis 5 Tage vor der Veranstaltung (also bis 15.03.2026), Bezahlung vor Ort<\/p>\n<p><a href=\"https:\/\/landapothekerin.de\/?page_id=309\">Zur Anmeldung<\/a><\/p>\n","protected":false},"excerpt":{"rendered":"<p>Wir begr\u00fc\u00dfen den Lenz mit 2 verschiedenen Dekorationen f\u00fcrs eigene Zuhause oder zum Verschenken unter Verwendung von Holz, Glas und Blumen. Des weiteren zaubern wir einen fr\u00fchlingshaften Raum\/Parf\u00fcmspray und bringen auch die Sonne ins Fr\u00fchst\u00fccksglas. Ein leckeres Fr\u00fchlingsmen\u00fc rundet die&#8230;<\/p>\n","protected":false},"author":1,"featured_media":1730,"template":"","meta":{"ngg_post_thumbnail":0,"_tribe_events_status":"","_tribe_events_status_reason":"","footnotes":""},"tags":[],"tribe_events_cat":[23,25,30,26,32,35,27,36],"class_list":["post-1617","tribe_events","type-tribe_events","status-publish","has-post-thumbnail","hentry","tribe_events_cat-alle","tribe_events_cat-angebote-fuer-jedermann","tribe_events_cat-gesundheitsangebote","tribe_events_cat-infoseminare","tribe_events_cat-kreatives-in-der-medizin","tribe_events_cat-kurse-und-workshops","tribe_events_cat-treffs","tribe_events_cat-veranstaltungen-fuer-gruppen","cat_alle","cat_angebote-fuer-jedermann","cat_gesundheitsangebote","cat_infoseminare","cat_kreatives-in-der-medizin","cat_kurse-und-workshops","cat_treffs","cat_veranstaltungen-fuer-gruppen"],"_links":{"self":[{"href":"https:\/\/landapothekerin.de\/index.php?rest_route=\/wp\/v2\/tribe_events\/1617","targetHints":{"allow":["GET"]}}],"collection":[{"href":"https:\/\/landapothekerin.de\/index.php?rest_route=\/wp\/v2\/tribe_events"}],"about":[{"href":"https:\/\/landapothekerin.de\/index.php?rest_route=\/wp\/v2\/types\/tribe_events"}],"author":[{"embeddable":true,"href":"https:\/\/landapothekerin.de\/index.php?rest_route=\/wp\/v2\/users\/1"}],"version-history":[{"count":6,"href":"https:\/\/landapothekerin.de\/index.php?rest_route=\/wp\/v2\/tribe_events\/1617\/revisions"}],"predecessor-version":[{"id":1803,"href":"https:\/\/landapothekerin.de\/index.php?rest_route=\/wp\/v2\/tribe_events\/1617\/revisions\/1803"}],"wp:featuredmedia":[{"embeddable":true,"href":"https:\/\/landapothekerin.de\/index.php?rest_route=\/wp\/v2\/media\/1730"}],"wp:attachment":[{"href":"https:\/\/landapothekerin.de\/index.php?rest_route=%2Fwp%2Fv2%2Fmedia&parent=1617"}],"wp:term":[{"taxonomy":"post_tag","embeddable":true,"href":"https:\/\/landapothekerin.de\/index.php?rest_route=%2Fwp%2Fv2%2Ftags&post=1617"},{"taxonomy":"tribe_events_cat","embeddable":true,"href":"https:\/\/landapothekerin.de\/index.php?rest_route=%2Fwp%2Fv2%2Ftribe_events_cat&post=1617"}],"curies":[{"name":"wp","href":"https:\/\/api.w.org\/{rel}","templated":true}]}}

Frühlingswerkstatt &#8211; Kreatives aus Natur und Küche

<p>Wir begrüßen den Lenz mit 2 verschiedenen Dekorationen fürs eigene Zuhause oder zum Verschenken unter Verwendung<br />
von Holz, Glas und Blumen.</p>
<p>Des weiteren zaubern wir einen frühlingshaften Raum/Parfümspray und bringen auch die Sonne ins<br />
Frühstücksglas. Ein leckeres Frühlingsmenü rundet die Veranstaltung ab.</p>
<p><strong><br />
Teilnehmerzahl:</strong> 6-12</p>
<p><strong>Anmeldefrist:</strong> bis 5 Tage vor der Veranstaltung (also bis 15.03.2026), Bezahlung vor Ort</p>
<p><a href="https://landapothekerin.de/?page_id=309">Zur Anmeldung</a></p>

<p>Wir begrüßen den Lenz mit 2 verschiedenen Dekorationen fürs eigene Zuhause oder zum Verschenken unter Verwendung von Holz, Glas und Blumen. Des weiteren zaubern wir einen frühlingshaften Raum/Parfümspray und bringen auch die Sonne ins Frühstücksglas. Ein leckeres Frühlingsmenü rundet die&#8230;</p>
