{"id":1754,"date":"2025-02-20T20:18:03","date_gmt":"2025-02-20T19:18:03","guid":{"rendered":"https:\/\/landapothekerin.de\/?post_type=tribe_events&#038;p=1754"},"modified":"2025-02-20T20:18:03","modified_gmt":"2025-02-20T19:18:03","slug":"dr-zwiebel","status":"publish","type":"tribe_events","link":"https:\/\/landapothekerin.de\/?tribe_events=dr-zwiebel","title":{"rendered":"Dr. Zwiebel"},"content":{"rendered":"<p>Sie ist ein wahrer Allesk\u00f6nner: Die Zwiebel bringt Menschen zum Weinen und steckt doch voller gesunder N\u00e4hrwerte und Vitamine.<br \/>\nDas Gem\u00fcse kann sogar dabei unterst\u00fctzen, verschiedenen Krankheiten vorzubeugen.<br \/>\nHier und heute gibt es Fakten und Rezepte rund um die Zwiebel.&nbsp;<\/p>\n<p><strong>Teilnehmerzahl:<\/strong> 6-12<\/p>\n<p><strong>Anmeldefrist:<\/strong> bis 5 Tage vor der Veranstaltung (also bis 21.09.2025), Bezahlung vor Ort<\/p>\n<p><a href=\"https:\/\/landapothekerin.de\/?page_id=309\">Zur Anmeldung<\/a><\/p>\n","protected":false},"excerpt":{"rendered":"<p>Sie ist ein wahrer Allesk\u00f6nner: Die Zwiebel bringt Menschen zum Weinen und steckt doch voller gesunder N\u00e4hrwerte und Vitamine. Das Gem\u00fcse kann sogar dabei unterst\u00fctzen, verschiedenen Krankheiten vorzubeugen. Hier und heute gibt es Fakten und Rezepte rund um die Zwiebel.&nbsp;&#8230;<\/p>\n","protected":false},"author":1,"featured_media":1751,"template":"","meta":{"ngg_post_thumbnail":0,"_tribe_events_status":"","_tribe_events_status_reason":"","footnotes":""},"tags":[],"tribe_events_cat":[25,30,26,32,35,27,36],"class_list":["post-1754","tribe_events","type-tribe_events","status-publish","has-post-thumbnail","hentry","tribe_events_cat-angebote-fuer-jedermann","tribe_events_cat-gesundheitsangebote","tribe_events_cat-infoseminare","tribe_events_cat-kreatives-in-der-medizin","tribe_events_cat-kurse-und-workshops","tribe_events_cat-treffs","tribe_events_cat-veranstaltungen-fuer-gruppen","cat_angebote-fuer-jedermann","cat_gesundheitsangebote","cat_infoseminare","cat_kreatives-in-der-medizin","cat_kurse-und-workshops","cat_treffs","cat_veranstaltungen-fuer-gruppen"],"_links":{"self":[{"href":"https:\/\/landapothekerin.de\/index.php?rest_route=\/wp\/v2\/tribe_events\/1754","targetHints":{"allow":["GET"]}}],"collection":[{"href":"https:\/\/landapothekerin.de\/index.php?rest_route=\/wp\/v2\/tribe_events"}],"about":[{"href":"https:\/\/landapothekerin.de\/index.php?rest_route=\/wp\/v2\/types\/tribe_events"}],"author":[{"embeddable":true,"href":"https:\/\/landapothekerin.de\/index.php?rest_route=\/wp\/v2\/users\/1"}],"version-history":[{"count":1,"href":"https:\/\/landapothekerin.de\/index.php?rest_route=\/wp\/v2\/tribe_events\/1754\/revisions"}],"predecessor-version":[{"id":1755,"href":"https:\/\/landapothekerin.de\/index.php?rest_route=\/wp\/v2\/tribe_events\/1754\/revisions\/1755"}],"wp:featuredmedia":[{"embeddable":true,"href":"https:\/\/landapothekerin.de\/index.php?rest_route=\/wp\/v2\/media\/1751"}],"wp:attachment":[{"href":"https:\/\/landapothekerin.de\/index.php?rest_route=%2Fwp%2Fv2%2Fmedia&parent=1754"}],"wp:term":[{"taxonomy":"post_tag","embeddable":true,"href":"https:\/\/landapothekerin.de\/index.php?rest_route=%2Fwp%2Fv2%2Ftags&post=1754"},{"taxonomy":"tribe_events_cat","embeddable":true,"href":"https:\/\/landapothekerin.de\/index.php?rest_route=%2Fwp%2Fv2%2Ftribe_events_cat&post=1754"}],"curies":[{"name":"wp","href":"https:\/\/api.w.org\/{rel}","templated":true}]}}

<p>Sie ist ein wahrer Alleskönner: Die Zwiebel bringt Menschen zum Weinen und steckt doch voller gesunder Nährwerte und Vitamine.<br />
Das Gemüse kann sogar dabei unterstützen, verschiedenen Krankheiten vorzubeugen.<br />
Hier und heute gibt es Fakten und Rezepte rund um die Zwiebel.&nbsp;</p>
<p><strong>Teilnehmerzahl:</strong> 6-12</p>
<p><strong>Anmeldefrist:</strong> bis 5 Tage vor der Veranstaltung (also bis 21.09.2025), Bezahlung vor Ort</p>
<p><a href="https://landapothekerin.de/?page_id=309">Zur Anmeldung</a></p>

<p>Sie ist ein wahrer Alleskönner: Die Zwiebel bringt Menschen zum Weinen und steckt doch voller gesunder Nährwerte und Vitamine. Das Gemüse kann sogar dabei unterstützen, verschiedenen Krankheiten vorzubeugen. Hier und heute gibt es Fakten und Rezepte rund um die Zwiebel.&nbsp;&#8230;</p>
