{"id":904,"date":"2020-05-21T14:58:18","date_gmt":"2020-05-21T12:58:18","guid":{"rendered":"http:\/\/landapothekerin.de\/?post_type=tribe_events&#038;p=904"},"modified":"2020-05-21T14:58:18","modified_gmt":"2020-05-21T12:58:18","slug":"mein-schlank-tag","status":"publish","type":"tribe_events","link":"https:\/\/landapothekerin.de\/?tribe_events=mein-schlank-tag","title":{"rendered":"Mein Schlank-Tag"},"content":{"rendered":"<p>Sie wollten schon lange einmal einen Schlank-Tag einlegen, andere Verpflichtungen oder keine Lust alleine haben Sie bisher davon abgehalten?<\/p>\n<p><strong>Dann ist das Ihr Tag!<\/strong><\/p>\n<p>In illustrer Runde k\u00f6cheln und schlemmen wir uns durch die gesunde Schlankk\u00fcche.<\/p>\n<p>Spa\u00df und Abnehmen inclusive!<\/p>\n<p>&nbsp;<\/p>\n<p><strong>Teilnehmerzahl:<\/strong> 5-12<\/p>\n<p><strong>Anmeldefrist:<\/strong> bis 3 Tage vor dem Termin (also bis 25.09.20), Bezahlung vor Ort<\/p>\n<p><a href=\"https:\/\/landapothekerin.de\/?page_id=309\">Zur Anmeldung<\/a><\/p>\n","protected":false},"excerpt":{"rendered":"<p>Sie wollten schon lange einmal einen Schlank-Tag einlegen, andere Verpflichtungen oder keine Lust alleine haben Sie bisher davon abgehalten? Dann ist das Ihr Tag! In illustrer Runde k\u00f6cheln und schlemmen wir uns durch die gesunde Schlankk\u00fcche. Spa\u00df und Abnehmen inclusive!&#8230;<\/p>\n","protected":false},"author":1,"featured_media":905,"template":"","meta":{"ngg_post_thumbnail":0,"_tribe_events_status":"","_tribe_events_status_reason":"","footnotes":""},"tags":[],"tribe_events_cat":[23,25,30,26,32,35,27],"class_list":["post-904","tribe_events","type-tribe_events","status-publish","has-post-thumbnail","hentry","tribe_events_cat-alle","tribe_events_cat-angebote-fuer-jedermann","tribe_events_cat-gesundheitsangebote","tribe_events_cat-infoseminare","tribe_events_cat-kreatives-in-der-medizin","tribe_events_cat-kurse-und-workshops","tribe_events_cat-treffs","cat_alle","cat_angebote-fuer-jedermann","cat_gesundheitsangebote","cat_infoseminare","cat_kreatives-in-der-medizin","cat_kurse-und-workshops","cat_treffs"],"_links":{"self":[{"href":"https:\/\/landapothekerin.de\/index.php?rest_route=\/wp\/v2\/tribe_events\/904","targetHints":{"allow":["GET"]}}],"collection":[{"href":"https:\/\/landapothekerin.de\/index.php?rest_route=\/wp\/v2\/tribe_events"}],"about":[{"href":"https:\/\/landapothekerin.de\/index.php?rest_route=\/wp\/v2\/types\/tribe_events"}],"author":[{"embeddable":true,"href":"https:\/\/landapothekerin.de\/index.php?rest_route=\/wp\/v2\/users\/1"}],"version-history":[{"count":1,"href":"https:\/\/landapothekerin.de\/index.php?rest_route=\/wp\/v2\/tribe_events\/904\/revisions"}],"predecessor-version":[{"id":907,"href":"https:\/\/landapothekerin.de\/index.php?rest_route=\/wp\/v2\/tribe_events\/904\/revisions\/907"}],"wp:featuredmedia":[{"embeddable":true,"href":"https:\/\/landapothekerin.de\/index.php?rest_route=\/wp\/v2\/media\/905"}],"wp:attachment":[{"href":"https:\/\/landapothekerin.de\/index.php?rest_route=%2Fwp%2Fv2%2Fmedia&parent=904"}],"wp:term":[{"taxonomy":"post_tag","embeddable":true,"href":"https:\/\/landapothekerin.de\/index.php?rest_route=%2Fwp%2Fv2%2Ftags&post=904"},{"taxonomy":"tribe_events_cat","embeddable":true,"href":"https:\/\/landapothekerin.de\/index.php?rest_route=%2Fwp%2Fv2%2Ftribe_events_cat&post=904"}],"curies":[{"name":"wp","href":"https:\/\/api.w.org\/{rel}","templated":true}]}}

<p>Sie wollten schon lange einmal einen Schlank-Tag einlegen, andere Verpflichtungen oder keine Lust alleine haben Sie bisher davon abgehalten?</p>
<p><strong>Dann ist das Ihr Tag!</strong></p>
<p>In illustrer Runde köcheln und schlemmen wir uns durch die gesunde Schlankküche.</p>
<p>Spaß und Abnehmen inclusive!</p>
<p>&nbsp;</p>
<p><strong>Teilnehmerzahl:</strong> 5-12</p>
<p><strong>Anmeldefrist:</strong> bis 3 Tage vor dem Termin (also bis 25.09.20), Bezahlung vor Ort</p>
<p><a href="https://landapothekerin.de/?page_id=309">Zur Anmeldung</a></p>

<p>Sie wollten schon lange einmal einen Schlank-Tag einlegen, andere Verpflichtungen oder keine Lust alleine haben Sie bisher davon abgehalten? Dann ist das Ihr Tag! In illustrer Runde köcheln und schlemmen wir uns durch die gesunde Schlankküche. Spaß und Abnehmen inclusive!&#8230;</p>
